3
In base 14, what is -cb09 + -20?
-cb29
In base 4, what is -111032200 + -3?
-111032203
In base 5, what is 123423304 + -2?
123423302
In base 14, what is 1 - -179db?
179dc
In base 12, what is 93a - -9?
947
In base 9, what is -23 - 124?
-147
In base 5, what is -2222 + 22001?
14224
In base 16, what is -6 - -5b7?
5b1
In base 16, what is 43403 - 5?
433fe
In base 11, what is -21 + -8a23?
-8a44
In base 16, what is a79 - 0?
a79
In base 8, what is -4 - 131161?
-131165
In base 2, what is 110111101101011000 - 10011?
110111101101000101
In base 4, what is 3000 + -100202?
-31202
In base 7, what is -124 + -12?
-136
In base 10, what is -51 - 1419?
-1470
In base 7, what is 15 + 1242152?
1242200
In base 4, what is -20 - -1010231?
1010211
In base 10, what is -4 - -248277?
248273
In base 8, what is 130200 - 10?
130170
In base 5, what is -110 - -32?
-23
In base 16, what is -209b + 8?
-2093
In base 13, what is -267 - 28c?
-526
In base 11, what is 98 + 66?
153
In base 5, what is 1042244 + 4?
1042303
In base 10, what is 5 - 9600?
-9595
In base 5, what is -30323442 + 1?
-30323441
In base 9, what is -1474 - -821?
-553
In base 10, what is 43864 + -124?
43740
In base 13, what is -4925c - -12?
-4924a
In base 5, what is -122312 + -10?
-122322
In base 16, what is -b + -6e8e?
-6e99
In base 9, what is 121 + 803?
1024
In base 16, what is -8 - 9bce?
-9bd6
In base 7, what is -1 - 11122?
-11123
In base 8, what is -326 + -33433?
-33761
In base 5, what is 2 - -2432302?
2432304
In base 6, what is 3045403 + 2?
3045405
In base 14, what is 5 - 13bcc?
-13bc7
In base 13, what is -57720 + c?
-57711
In base 10, what is -294280 + 2?
-294278
In base 15, what is 477d9 + 1?
477da
In base 8, what is 1 - 442777?
-442776
In base 3, what is -12 + -112101212?
-112102001
In base 10, what is 386423 + 4?
386427
In base 14, what is -25c1 - -4?
-25bb
In base 16, what is -21ba + -17b?
-2335
In base 12, what is -2 - -136a?
1368
In base 7, what is -252460 + -4?
-252464
In base 10, what is -4 + -616858?
-616862
In base 2, what is 101 + 11100100000001111?
11100100000010100
In base 10, what is 12333 + -3?
12330
In base 10, what is 1 + -36442?
-36441
In base 4, what is 2022201013 - 10?
2022201003
In base 10, what is -3228920 + -5?
-3228925
In base 16, what is -48 + 5e6e?
5e26
In base 7, what is -55 + 101342?
101254
In base 9, what is 11 + 274?
285
In base 10, what is 168 - 3408?
-3240
In base 16, what is -3 + -c24f?
-c252
In base 10, what is 4 - 1839981?
-1839977
In base 5, what is -100 + -2041042?
-2041142
In base 9, what is 78155 - 1?
78154
In base 13, what is 8411 - -c?
8420
In base 2, what is 100001101 - -111110100?
1100000001
In base 11, what is -221 - 1843?
-1a64
In base 11, what is -4855 + 21?
-4834
In base 3, what is 110110102 - 2?
110110100
In base 12, what is 14 - -3720?
3734
In base 15, what is 2035a - -4?
2035e
In base 4, what is -11 + 1320123002?
1320122331
In base 4, what is -1 + -3321230?
-3321231
In base 7, what is 1601 - 35?
1533
In base 3, what is -2122220 + -1001011?
-10201001
In base 5, what is -1314 + 22121?
20302
In base 9, what is 4 - -12287?
12302
In base 10, what is 3565 - 290?
3275
In base 10, what is -4 - 63192?
-63196
In base 11, what is 291 + 63?
344
In base 11, what is -1176 - 75?
-1240
In base 16, what is e5e + -a?
e54
In base 4, what is -22320021 - 10?
-22320031
In base 5, what is -111420234 - 1?
-111420240
In base 7, what is -4 - -334060?
334053
In base 2, what is -100001 + 11010010011001?
11010001111000
In base 14, what is 2743c + 1?
2743d
In base 14, what is -ada + 1a8?
-932
In base 10, what is -2855 + 127?
-2728
In base 9, what is 0 + -215282?
-215282
In base 16, what is -faeb - 41?
-fb2c
In base 10, what is 58513 + -2?
58511
In base 15, what is 5 + -5d?
-58
In base 15, what is 5 + 2c52?
2c57
In base 11, what is 44456 - -50?
444a6
In base 10, what is -7429 + 76?
-7353
In base 16, what is 5e8 - -42?
62a
In base 8, what is 3 + -10465?
-10462
In base 8, what is 5462 + 0?
5462
In base 11, what is 3420 - 2?
3419
In base 3, what is 1 + -201102121?
-201102120
In base 16, what is -70fd - 1?
-70fe
In base 11, what is -1602 + 146?
-1467
In base 7, what is -1623 + -32?
-1655
In base 3, what is -1200 + -21111001?
-21112201
In base 14, what is -5aa5 - -25?
-5a80
In base 10, what is -285 - -886?
601
In base 10, what is -3 + 4315?
4312
In base 2, what is 0 - -11000110001111010?
11000110001111010
In base 16, what is 40e + -e?
400
In base 3, what is -10000 + -1112122?
-1122122
In base 11, what is -46202 - -4?
-461a9
In base 5, what is 3 + -43240433?
-43240430
In base 9, what is 11 - 3805?
-3784
In base 5, what is -11 - -3412000?
3411434
In base 7, what is -2311416 - -3?
-2311413
In base 7, what is -145 - -6052?
5604
In base 6, what is 4032 + 30350?
34422
In base 15, what is 39e - -3a?
3d9
In base 8, what is -12530 - 130?
-12660
In base 3, what is 1012 + -21021000?
-21012211
In base 12, what is 62a - -343?
971
In base 2, what is 11111010000110101 + 101?
11111010000111010
In base 5, what is 10121 + 2103?
12224
In base 13, what is -2 + 38?
36
In base 16, what is -62 - -2d8?
276
In base 4, what is -221 + -32031202?
-32032023
In base 12, what is 119 - -169?
286
In base 6, what is 0 - -2004142?
2004142
In base 16, what is 6e - -ba1a?
ba88
In base 13, what is -b79 + -41a?
-1296
In base 15, what is 4c - 36?
16
In base 5, what is 110044011 + 4?
110044020
In base 7, what is -26621 + -1241?
-31162
In base 8, what is -16 - -3335?
3317
In base 7, what is -155015 - 3?
-155021
In base 10, what is 31 + -28593?
-28562
In base 2, what is 11001101111101 - -101010?
11001110100111
In base 12, what is 1624b - -2?
16251
In base 9, what is 132 - 1853?
-1721
In base 2, what is 101100000111 + 1011010010?
110111011001
In base 6, what is 3450 - -1201?
5051
In base 8, what is 2 + 757060?
757062
In base 15, what is 144cd + -1a?
144b3
In base 11, what is -3a56 + 1?
-3a55
In base 3, what is -102012121121 + 100?
-102012121021
In base 3, what is 2010 - -102020?
111100
In base 16, what is -13fd3b - 2?
-13fd3d
In base 11, what is 4 + -875433?
-87542a
In base 6, what is 403100 - -21?
403121
In base 15, what is -3b4a6 - 5?
-3b4ab
In base 16, what is 9953 - -1?
9954
In base 8, what is -304475 - -3?
-304472
In base 12, what is -4 - -1b8a?
1b86
In base 16, what is 5 - 1f21d?
-1f218
In base 9, what is 0 + 26521?
26521
In base 9, what is 0 + -34123?
-34123
In base 10, what is -2406 + 13?
-2393
In base 12, what is -41 + -72b6?
-7337
In base 3, what is 220112 - -1020122?
2011011
In base 14, what is 2137 + 262?
2399
In base 16, what is -4250d + -8?
-42515
In base 8, what is -4521 - -55?
-4444
In base 12, what is 207b9 - 5?
207b4
In base 9, what is -1473 + -1578?
-3162
In base 10, what is -11200 + -1?
-11201
In base 2, what is 1 + 110111111010111101?
110111111010111110
In base 13, what is -1a8b - -30?
-1a5b
In base 6, what is 121542 + -2?
121540
In base 12, what is 1ba5533 - 0?
1ba5533
In base 6, what is -24 - 31002?
-31030
In base 2, what is -1001010100110 + -1000?
-1001010101110
In base 6, what is -23243 + -1?
-23244
In base 5, what is -214111 + -23?
-214134
In base 6, what is -5 + 2522520?
2522511
In base 3, what is -1 + -201210211122?
-201210211200
In base 11, what is a277 - 2a?
a248
In base 3, what is -11 - 220012200?
-220012211
In base 16, what is 4e6 + -95?
451
In base 8, what is -37 + -22272?
-22331
In base 5, what is 14444102 - -1?
14444103
In base 9, what is 0 + -407636?
-407636
In base 9, what is -335 + -1875?
-2321
In base 3, what is -11201 - -112211?
101010
In base 2, what is -111100111000101001 + -1?
-111100111000101010
In base 13, what is -133 + 59?
-a7
In base 4, what is -102 - -320?
212
In base 12, what is -10339 + -78?
-103b5
In base 15, what is 8ad25 - 4?
8ad21
In base 15, what is -83 + -1dd?
-271
In base 7, what is 22 - 460214?
-460162
In base 4, what is 10 + -3233231133?
-3233231123
In base 14, what is 1880a4 + -2?
1880a2
In base 13, what is -128 - 232?
-35a
In base 16, what is -1cd + 4c1?
2f4
In base 6, what is -422333 + 0?
-422333
In base 8, what is 22 + -101266?
-101244
In base 2, what is -10011100000010010 - -111100?
-10011011111010110
In base 6, what is 2513425 + -121?
2513304
In base 4, what is 123 + -1132332?
-1132203
In base 16, what is 0 + -451c?
-451c
In base 16, what is 0 - -26487?
26487
In base 3, wh